ctors of h?
53
Suppose 2*d = d + 4, -3*j - 4*d = -142. List the prime factors of j.
2, 3, 7
Let p be -14*(3 + -1)/(-4). Suppose w = 4*i - 10, 0*w + p = 3*i - w. List the prime factors of i.
3
Let q(r) = -r**3 - 4*r**2 - 3*r - 3. Let y be q(-3). Let w be ((-2)/6)/(y/18). Let i(n) = n**3 - n**2 + 3*n - 1. What are the prime factors of i(w)?
3
Let u(l) = l**3 - l - 7. Let i be u(0). Let p = i - 4. Let r = p - -18. List the prime factors of r.
7
Let l be (-24)/(1/9*-2). Suppose 3*b = -b + l. What are the prime factors of b?
3
Let h(d) = 2*d + 0*d - 3*d + 12*d**2. Let y(a) = -2*a**2 - 11*a + 7. Let m be y(-6). List the prime factors of h(m).
11
Suppose 3*l - 5*y + 62 = 4*l, -4*l = -5*y - 148. Let g = l - 22. List the prime factors of g.
2, 5
What are the prime factors of 1*(127 + 0) + (-48)/24?
5
Let n = -163 + 244. List the prime factors of n.
3
Suppose 2*k - 4*g + 9 = 5*k, -4*g = 4*k - 16. Suppose k + 1 = -5*r - c, 4 = -r + c. List the prime factors of (-176)/(-18) - r/9.
2, 5
Suppose -12*i + 2635 = 1063. What are the prime factors of i?
131
Let q = 29 - 10. List the prime factors of q.
19
Suppose -3*r + 4*r - i - 190 = 0, 2*i = 3*r - 575. List the prime factors of r.
3, 5, 13
Suppose -h - 1030 = -5*k + 4*h, 3*k = -5*h + 626. List the prime factors of k.
3, 23
Let w(c) = -c**3 - c**2 + 3*c + 3. Let f be w(-3). Suppose -4*y + 5*y - f = 0. What are the prime factors of y?
2, 3
Let s = 90 + -48. Let c = s - 13. What are the prime factors of c?
29
Let p = -4 + 8. Let t be p/6 + 10/3. Suppose f + t*f = 25. What are the prime factors of f?
5
Let g = -108 - -230. What are the prime factors of g?
2, 61
Suppose -3*k + 2*i = -i, 2*k = 4*i - 10. Let o = k - 6. Let b(z) = 2*z**2 + z + 1. List the prime factors of b(o).
2
Suppose -122 = 4*n - 0*k - 2*k, k = n + 29. What are the prime factors of (-200)/n - (-3)/4?
7
Let n be (-6)/(-1) + -3 + 0. Suppose 2*r - 32 = -4*j, 0 = 5*j + n*r + 2*r - 30. What are the prime factors of j?
2, 5
Let w(b) = 23*b - 15. List the prime factors of w(4).
7, 11
Suppose 0 = -5*o - 0*o - 3*q - 6, 0 = 3*o + 5*q + 10. Suppose o*a - 10 = -5*a. Let c = 11 - a. List the prime factors of c.
3
Suppose 0 = 4*r - 7*r + 576. What are the prime factors of r?
2, 3
Suppose -3*o + v + 0*v + 1 = 0, -o + 7 = 3*v. Suppose 0 = i - 3 + o. Suppose -i = -c + 9. What are the prime factors of c?
11
Let o(k) = k + 4. Let x be o(-2). Suppose 0 = 4*a, -3*v - a = x*v - 125. What are the prime factors of v?
5
Let v = 99 + -23. Suppose 2*l - 103 = -3*c, -4*l + v = 2*c + l. What are the prime factors of c?
3, 11
Suppose -q - 15 = 2*q. Let d be 79/7 + -2 + (-22)/77. Let f = d + q. What are the prime factors of f?
2
Suppose 0 = -5*g + 15, 3*c - g = -6*g + 9. What are the prime factors of ((-32)/(-24))/(c/(-42))?
2, 7
Suppose 0*v + 5*g + 21 = 3*v, -2 = 5*v + 4*g. Suppose 2*p - v = -4*n + 22, -3*n + 27 = 3*p. What are the prime factors of p?
2, 3
Let x = 200 - 141. Suppose -5*q + x = 3*s, -3*q + 4*q - 17 = -s. List the prime factors of s.
13
Let t(j) = j**2 - 4*j - 1. Let u be t(3). Let g = u - -10. What are the prime factors of g?
2, 3
Suppose 3*c + 3 = 12. Suppose -c*u + 1 = -8. Suppose -3*r + 5*r = 2*g + 42, u*r + 3*g = 45. List the prime factors of r.
2, 3
Suppose 5 = 2*p - 5. Suppose -4*y = 4*l, 5*l + p = -y - 3*y. Suppose 0 = n + i + 3 - 13, -y*n + 22 = -2*i. What are the prime factors of n?
2, 3
Suppose -2*c + 8 = 0, 3*t = -6*c + 2*c + 598. List the prime factors of t.
2, 97
Let p(x) = x**3 - 3*x**2 - 3*x + 1. Let u be p(3). Let t(w) = -w**3 - 8*w**2 - w - 8. Let k be t(u). Let g = 2 + k. What are the prime factors of g?
2
Suppose 3*t + 3*j = 4*j + 35, t = 5*j + 7. Suppose 4*o = 2*o + t. What are the prime factors of o?
2, 3
Suppose 4 = -5*r + 24. Suppose k = 4*u + 47, 0*k - 55 = -k - r*u. What are the prime factors of k?
3, 17
Let n be (-15)/(-6)*(-8)/(-5). Suppose -n*b + b + 54 = 0. Suppose -z - z = -b. List the prime factors of z.
3
Suppose 920 = -3*x + 8*x. List the prime factors of x.
2, 23
Suppose -2*q = 5*b - 3*q + 18, 0 = 2*q - 6. Let d = 29 + b. List the prime factors of d.
2, 13
Suppose l = 2, 3*q - l - 9 = -4*l. Suppose q = c + 2. List the prime factors of c*(0 + -1)*4.
2
Let k = 7 - 3. Suppose -2*d = -k*f + 2, 0 = -3*f - 2*d - 0 + 19. What are the prime factors of f?
3
Suppose 2*n - 750 = 4*j - 0*j, 4*n + 4*j - 1524 = 0. List the prime factors of n.
379
Let g = 85 - 81. What are the prime factors of g?
2
Suppose 0 = 5*z - 4*z - 32. Let a = z - 49. Let b = a - -27. List the prime factors of b.
2, 5
Suppose -175 = -4*v - 0*v - y, 0 = 2*v + 5*y - 101. What are the prime factors of v?
43
Let c(r) be the second derivative of r**5/20 + 7*r**4/12 + 2*r**3/3 - r**2 - 3*r. What are the prime factors of c(-6)?
2, 5
Let a be 24 - (-5 - (-3 + 1)). Suppose 5*m = -5*i + 105, -i + 3*m - m + a = 0. List the prime factors of i.
23
Let a(u) = -u**2 + 2*u - 1. Let b be a(3). Let m(v) = -3*v + 4. Let o be m(b). Suppose h + 6 = 2*f, o = 4*f - 3*h + 4. What are the prime factors of f?
3
Suppose -2*y + 2*c - 38 = 3*y, 6 = -3*y - 3*c. Let q(h) = -4*h**2 + 3*h - 3. Let l be q(2). Let i = y - l. List the prime factors of i.
7
List the prime factors of (-2)/4*(-7 - 67).
37
Let y be (-1 - -1)/(-2 - 0). Let d(p) = p**3 + p**2 - 7. Let w be d(y). What are the prime factors of (-220)/(-14) - 2/w?
2
Let k(n) = -3*n**3 + 4*n**2 - 3*n - 8. List the prime factors of k(-4).
2, 5, 13
Let t(c) = -279*c + 4. List the prime factors of t(-1).
283
Let p = -352 + 540. Suppose 5*z - z - p = 0. What are the prime factors of z?
47
Let w = -2 + 4. Suppose 0*v + v = w. Suppose 0*k + v*b + 11 = 3*k, -4*b = k + 1. List the prime factors of k.
3
Let r(i) be the first derivative of 1/3*i**3 - 4 - 2*i**2 - 3*i. List the prime factors of r(5).
2
Let q(h) = h - 5. Let l be q(5). Suppose 5*u + 5*r = 40, 5*r + l*r - 27 = -4*u. List the prime factors of u.
13
Let f(s) = -13*s - 16. Let x be f(-7). Suppose -3*m + x + 3 = 0. What are the prime factors of m?
2, 13
Let s = 6 + 0. Let g = s - -18. What are the prime factors of g?
2, 3
Let i(t) = t + 3. Let a be i(0). Suppose 3*b + 10 = d, b + a*b + 25 = -d. Let z = d + 7. List the prime factors of z.
2
Suppose 6 = -2*u - 4*m, 9 = -3*u - 2*m - 2*m. Let t be u/(0/(-3) + -1). Suppose 0 = 2*c - t*n, c = -3*n - 2*n + 26. List the prime factors of c.
2, 3
Let b = -80 + 116. List the prime factors of b.
2, 3
Let p(y) = y**2 + 5*y - 4. Let r(w) = w**2 + 5*w - 4. Let i(g) = -4*p(g) + 3*r(g). Let u be i(-7). Let z = u - -17. List the prime factors of z.
7
List the prime factors of 45 - (6 - (4 - 2)).
41
Suppose 7*s = 2*s - 25. Let q(v) = -v**3 - 4*v**2 + 2*v - 6. List the prime factors of q(s).
3
Suppose 2*i = 4*w + 4*i + 20, -39 = 5*w - i. Let d(n) = n**3 + 7*n**2 + 2*n + 4. Let j be d(w). Let t = 0 - j. What are the prime factors of t?
2, 5
Let f = -17 - 44. Let k = f + 113. What are the prime factors of k?
2, 13
Let f(q) = -q**3 + 4*q**2 + 7. What are the prime factors of f(3)?
2
Suppose 2*q - 36 = -q. Let d = -8 + q. List the prime factors of d.
2
Suppose 7*i = 2*i + 25. Suppose -4*g = -12, 4*u + i*g - 75 = 2*u. List the prime factors of u.
2, 3, 5
List the prime factors of (-6 - -19)/(1/((-14)/(-2))).
7, 13
Suppose -o + 61 = -i, -13 + 249 = 4*o - 2*i. Suppose 5*f + o = 8*f. What are the prime factors of f?
19
Suppose -21 = i - 4*i. Let m = 12 - i. Suppose -50 = -m*c - 3*g, 30 = -2*c + 5*c - 5*g. List the prime factors of c.
2, 5
Suppose 2*c + 3*o = 18, -3*o - 2*o + 17 = -c. What are the prime factors of (1/(-2))/(c/(-96))?
2
Let s(u) = -u**3 - 8*u**2 - 8*u - 28. List the prime factors of s(-9).
5
Let z = -5 - -6. Let h(b) = b**3 - 5*b**2 - 6*b + 5. Let q be h(6). Suppose -q*x = z - 26. What are the prime factors of x?
5
Suppose 0 = 5*h - 37 + 7. Let i(s) = -s**3 + 5*s**2 + 7*s - 3. Let w be i(h). Suppose -2*f + f = -w. What are the prime factors of f?
3
Let x = -13 + 29. What are the prime factors of x?
2
List the prime factors of (3 - -1) + 26/(-13).
2
Let b be 3*2/3 - 3. Let k(u) = -11*u**2 - 5*u + 1. Let t(w) = -w. Let f(m) = b*k(m) + 4*t(m). What are the prime factors of f(1)?
11
Let b = 2 - 2. Let d = 2 + b. Suppose -d*k + 4 = -k. What are the prime factors of k?
2
Suppose -5*q = -2*o - 298, 5*o + 136 = 4*q - 2*q. Suppose q = 2*n - 54. List the prime fac